{"id":1764,"date":"2014-12-17T14:55:25","date_gmt":"2014-12-17T13:55:25","guid":{"rendered":"http:\/\/demo.nrgthemes.com\/projects\/hempstead\/?page_id=1764"},"modified":"2020-09-15T09:54:15","modified_gmt":"2020-09-15T08:54:15","slug":"about","status":"publish","type":"page","link":"https:\/\/old.agence-imedia.ch\/?page_id=1764","title":{"rendered":"About"},"content":{"rendered":"<div class=\"element clearfix col2-3 grey home  auto\"><p class=\"small\">L'agence<\/p><h2>L&rsquo;agence de publicit\u00e9 <strong>im\u00e9dia<\/strong> est reconnue par l&rsquo;assp. Elle a \u00e9t\u00e9 fond\u00e9e en 2006 par Jacques Zuber qui compte quelque 30 ans d&rsquo;exp\u00e9rience professionnelle.<\/h2><\/div><div class=\"element clearfix col1-3 home hybrid\"><div class=\"images\"> <img src=\"https:\/\/old.agence-imedia.ch\/wp-content\/uploads\/2014\/12\/jacqueszuber.jpg\" alt=\"Brevet f\u00e9d\u00e9ral de technicien en publicit\u00e9\" \/> <\/div><div class=\"elem-content\"><p class=\"small\">Jacques Zuber<\/p><h3>Brevet f\u00e9d\u00e9ral de technicien en publicit\u00e9<\/h3><div class=\"bottom\"><p>30 ans d&rsquo;activit\u00e9<\/p><ul class=\"social-list clearfix\"><\/ul><\/div><\/div><\/div><div class=\"element clearfix col1-3 home hybrid\"><div class=\"images\"> <img src=\"https:\/\/old.agence-imedia.ch\/wp-content\/uploads\/2014\/12\/6ba4118dde7e6f8aed58fc8df4a147e0.jpg\" alt=\"gestion globale strat\u00e9gie budget planning\" \/> <\/div><div class=\"elem-content\"><p class=\"small\">prestations propres<\/p><h3>gestion globale strat\u00e9gie budget planning<\/h3><div class=\"bottom\"><p><\/p><ul class=\"social-list clearfix\"><\/ul><\/div><\/div><\/div><div class=\"element clearfix col1-3 home hybrid\"><div class=\"images\"> <img src=\"https:\/\/old.agence-imedia.ch\/wp-content\/uploads\/2014\/12\/6ba4118dde7e6f8aed58fc8df4a147e0.jpg\" alt=\"communication visuelle communication \u00e9crite communication audio-visuelle\" \/> <\/div><div class=\"elem-content\"><p class=\"small\">prestations en collaboration<\/p><h3>communication visuelle communication \u00e9crite communication audio-visuelle<\/h3><div class=\"bottom\"><p><\/p><ul class=\"social-list clearfix\"><\/ul><\/div><\/div><\/div><div class=\"element clearfix col1-3 home hybrid\"><div class=\"images\"> <img src=\"https:\/\/old.agence-imedia.ch\/wp-content\/uploads\/2014\/12\/6ba4118dde7e6f8aed58fc8df4a147e0.jpg\" alt=\"Toutes les t\u00e2ches sont confi\u00e9es \u00e0 des professionnels confirm\u00e9s \" \/> <\/div><div class=\"elem-content\"><p class=\"small\"><\/p><h3>Toutes les t\u00e2ches sont confi\u00e9es \u00e0 des professionnels confirm\u00e9s <\/h3><div class=\"bottom\"><p><\/p><ul class=\"social-list clearfix\"><\/ul><\/div><\/div><\/div>\n","protected":false},"excerpt":{"rendered":"L'agenceL'agence de publicit\u00e9 im\u00e9dia est reconnue par l'assp. Elle a \u00e9t\u00e9 fond\u00e9e en 2006 par Jacques Zuber qui compte quelque 30 ans d'exp\u00e9rience professionnelle. Jacques ZuberBrevet f\u00e9d\u00e9ral de technicien en publicit\u00e930 ans d'activit\u00e9 prestations propresgestion globale strat\u00e9gie budget planning prestations en collaborationcommunication visuelle communication \u00e9crite communication audio-visuelle Toutes les t\u00e2ches sont confi\u00e9es \u00e0 des professionnels [...]","protected":false},"author":1,"featured_media":0,"parent":0,"menu_order":1,"comment_status":"closed","ping_status":"closed","template":"","meta":[],"_links":{"self":[{"href":"https:\/\/old.agence-imedia.ch\/index.php?rest_route=\/wp\/v2\/pages\/1764"}],"collection":[{"href":"https:\/\/old.agence-imedia.ch\/index.php?rest_route=\/wp\/v2\/pages"}],"about":[{"href":"https:\/\/old.agence-imedia.ch\/index.php?rest_route=\/wp\/v2\/types\/page"}],"author":[{"embeddable":true,"href":"https:\/\/old.agence-imedia.ch\/index.php?rest_route=\/wp\/v2\/users\/1"}],"replies":[{"embeddable":true,"href":"https:\/\/old.agence-imedia.ch\/index.php?rest_route=%2Fwp%2Fv2%2Fcomments&post=1764"}],"version-history":[{"count":24,"href":"https:\/\/old.agence-imedia.ch\/index.php?rest_route=\/wp\/v2\/pages\/1764\/revisions"}],"predecessor-version":[{"id":2247,"href":"https:\/\/old.agence-imedia.ch\/index.php?rest_route=\/wp\/v2\/pages\/1764\/revisions\/2247"}],"wp:attachment":[{"href":"https:\/\/old.agence-imedia.ch\/index.php?rest_route=%2Fwp%2Fv2%2Fmedia&parent=1764"}],"curies":[{"name":"wp","href":"https:\/\/api.w.org\/{rel}","templated":true}]}}